{"id":37855,"date":"2026-04-02T09:17:32","date_gmt":"2026-04-02T07:17:32","guid":{"rendered":"https:\/\/va.akademijazs.edu.rs\/?page_id=37855"},"modified":"2026-04-02T09:17:32","modified_gmt":"2026-04-02T07:17:32","slug":"obuke-i-kursevi","status":"publish","type":"page","link":"https:\/\/va.akademijazs.edu.rs\/index.php\/obuke-i-kursevi\/","title":{"rendered":"Obuke i kursevi"},"content":{"rendered":"<div  id=\"team-2\" style=\"background-color: #ffffff;\" data-label=\"Team\" data-id=\"team-2\" data-export-id=\"team-2\" data-category=\"team\" class=\"team-2 content-section content-section-spacing\">\n<div  class=\"gridContainer\"><div data-section-title-area=\"true\" class=\"row text-center\" >   <div class=\"section-title-col\" data-type=\"column\" >       <h2 class=\"\" >Na\u0161a akademija nudi savremene obuke i kurseve prilago\u0111ene potrebama tr\u017ei\u0161ta i polaznika.<\/h2>       <p class=\"lead\" >Programi su usmereni na prakti\u010dna znanja i ve\u0161tine koje mo\u017eete odmah primeniti u radu.<br >Unapredite svoja znanja, razvijte ve\u0161tine i napravite korak napred u karijeri uz na\u0161e programe obuke.<\/p>   <\/div><\/div>\n\n<div  class=\"row spaced-cols content-center-sm\" data-type=\"row\">\n<div  class=\"col-sm-6 col-md-3\">\n<div  class=\"card y-move no-padding bordered\">\n\n<a data-cp-link=\"1\" href=\"https:\/\/va.akademijazs.edu.rs\/index.php\/2026\/03\/09\/prakticna-primena-vestacke-inteligencije-u-kreiranju-vizuelnog-i-video-sadrzaja\"  target=\"_blank\"><img decoding=\"async\"  class=\"face\" src=\"https:\/\/va.akademijazs.edu.rs\/wp-content\/uploads\/2026\/03\/cropped-ai.jpg\" title=\"cropped-ai.jpg\" alt=\"\"><\/a>\n<div  data-type=\"column\" class=\"col-padding-small col-padding-small-xs description-container\">\n<h4  class=\"font-500\">Prakti\u010dna primena ve\u0161ta\u010dke inteligencije u kreiranju vizuelnog i video sadr\u017eaja<\/h4>\n\n\n<div  class=\"social-icons-group\" data-type=\"group\"><a  href=\"#\" target=\"_self\" data-reiki-hidden=\"true\"><i  class=\"fa icon fa-facebook-square gray\"><\/i><\/a> <a  href=\"#\" target=\"_self\" data-reiki-hidden=\"true\"><i  class=\"fa icon fa-twitter-square gray\"><\/i><\/a> <a  href=\"#\" target=\"_self\" data-reiki-hidden=\"true\"><i  class=\"fa icon fa-linkedin-square gray\"><\/i><\/a> <a  href=\"#\" target=\"_self\" data-reiki-hidden=\"true\"><i  class=\"fa icon fa-google-plus-square gray\"><\/i><\/a><\/div>\n<\/div>\n<\/div>\n<\/div>\n<div  class=\"col-sm-6 col-md-3\">\n<div  class=\"card y-move no-padding bordered\">\n\n<a data-cp-link=\"1\" href=\"https:\/\/va.akademijazs.edu.rs\/index.php\/2026\/03\/16\/novo-doba-prodaje\"  target=\"_blank\"><img decoding=\"async\"  class=\"face\" src=\"https:\/\/va.akademijazs.edu.rs\/wp-content\/uploads\/2026\/03\/cropped-21523.jpg\" title=\"cropped-21523.jpg\" alt=\"\"><\/a>\n<div  data-type=\"column\" class=\"col-padding-small col-padding-small-xs description-container\">\n<h4  class=\"font-500\">Edukacija \u2013 Novo doba prodaje<\/h4>\n\n\n<div  class=\"social-icons-group\" data-type=\"group\"><a  href=\"#\" target=\"_self\" data-reiki-hidden=\"true\"><i  class=\"fa icon fa-facebook-square gray\"><\/i><\/a> <a  href=\"#\" target=\"_self\" data-reiki-hidden=\"true\"><i  class=\"fa icon fa-twitter-square gray\"><\/i><\/a> <a  href=\"#\" target=\"_self\" data-reiki-hidden=\"true\"><i  class=\"fa icon fa-linkedin-square gray\"><\/i><\/a> <a  href=\"#\" target=\"_self\" data-reiki-hidden=\"true\"><i  class=\"fa icon fa-google-plus-square gray\"><\/i><\/a><\/div>\n<\/div>\n<\/div>\n<\/div>\n<div  class=\"col-sm-6 col-md-3\">\n<div  class=\"card y-move no-padding bordered\">\n\n<a data-cp-link=\"1\" href=\"https:\/\/va.akademijazs.edu.rs\/index.php\/2026\/03\/20\/edukacija-elektronske-otpremnice-prijemnice\"  target=\"_blank\"><img decoding=\"async\"  class=\"face\" src=\"https:\/\/va.akademijazs.edu.rs\/wp-content\/uploads\/2026\/03\/cropped-136165.jpg\" title=\"cropped-136165.jpg\" alt=\"\"><\/a>\n<div  data-type=\"column\" class=\"col-padding-small col-padding-small-xs description-container\">\n<h4  class=\"font-500\">Edukacija \u2013 Elektronske otpremnice\/prijemnice<\/h4>\n\n\n<div  class=\"social-icons-group\" data-type=\"group\"><a  href=\"#\" target=\"_self\" data-reiki-hidden=\"true\"><i  class=\"fa icon fa-facebook-square gray\"><\/i><\/a> <a  href=\"#\" target=\"_self\" data-reiki-hidden=\"true\"><i  class=\"fa icon fa-twitter-square gray\"><\/i><\/a> <a  href=\"#\" target=\"_self\" data-reiki-hidden=\"true\"><i  class=\"fa icon fa-linkedin-square gray\"><\/i><\/a> <a  href=\"#\" target=\"_self\" data-reiki-hidden=\"true\"><i  class=\"fa icon fa-google-plus-square gray\"><\/i><\/a><\/div>\n<\/div>\n<\/div>\n<\/div>\n<div  class=\"col-sm-6 col-md-3\">\n<div  class=\"card y-move no-padding bordered\">\n\n<a data-cp-link=\"1\" href=\"https:\/\/va.akademijazs.edu.rs\/index.php\/2026\/03\/26\/edukacija-upravljanje-projektima\"  target=\"_blank\"><img decoding=\"async\"  class=\"face\" src=\"https:\/\/va.akademijazs.edu.rs\/wp-content\/uploads\/2026\/03\/cropped-9659.jpg\" title=\"cropped-9659.jpg\" alt=\"\"><\/a>\n<div  data-type=\"column\" class=\"col-padding-small col-padding-small-xs description-container\">\n<h4  class=\"font-500\">Edukacija \u2013 Upravljanje projektima<\/h4>\n\n\n<div  class=\"social-icons-group\" data-type=\"group\"><a  href=\"#\" target=\"_self\" data-reiki-hidden=\"true\"><i  class=\"fa icon fa-facebook-square gray\"><\/i><\/a> <a  href=\"#\" target=\"_self\" data-reiki-hidden=\"true\"><i  class=\"fa icon fa-twitter-square gray\"><\/i><\/a> <a  href=\"#\" target=\"_self\" data-reiki-hidden=\"true\"><i  class=\"fa icon fa-linkedin-square gray\"><\/i><\/a> <a  href=\"#\" target=\"_self\" data-reiki-hidden=\"true\"><i  class=\"fa icon fa-google-plus-square gray\"><\/i><\/a><\/div>\n<\/div>\n<\/div>\n<\/div>\n\n\n\n\n<\/div>\n<\/div>\n<\/div>","protected":false},"excerpt":{"rendered":"<p>Na\u0161a akademija nudi savremene obuke i kurseve prilago\u0111ene potrebama tr\u017ei\u0161ta i polaznika. Programi su usmereni na prakti\u010dna znanja i ve\u0161tine koje mo\u017eete odmah primeniti u radu.Unapredite svoja znanja, razvijte ve\u0161tine i napravite korak napred u karijeri uz na\u0161e programe obuke. Prakti\u010dna primena ve\u0161ta\u010dke inteligencije u kreiranju vizuelnog i video sadr\u017eaja Edukacija \u2013 Novo doba prodaje&hellip; <br \/> <a class=\"read-more\" href=\"https:\/\/va.akademijazs.edu.rs\/index.php\/obuke-i-kursevi\/\">Op\u0161irnije&#8230;<\/a><\/p>\n","protected":false},"author":2,"featured_media":0,"parent":0,"menu_order":0,"comment_status":"closed","ping_status":"closed","template":"","meta":{"_monsterinsights_skip_tracking":false,"_monsterinsights_sitenote_active":false,"_monsterinsights_sitenote_note":"","_monsterinsights_sitenote_category":0,"footnotes":""},"class_list":["post-37855","page","type-page","status-publish","hentry","wpautop"],"_links":{"self":[{"href":"https:\/\/va.akademijazs.edu.rs\/index.php\/wp-json\/wp\/v2\/pages\/37855","targetHints":{"allow":["GET"]}}],"collection":[{"href":"https:\/\/va.akademijazs.edu.rs\/index.php\/wp-json\/wp\/v2\/pages"}],"about":[{"href":"https:\/\/va.akademijazs.edu.rs\/index.php\/wp-json\/wp\/v2\/types\/page"}],"author":[{"embeddable":true,"href":"https:\/\/va.akademijazs.edu.rs\/index.php\/wp-json\/wp\/v2\/users\/2"}],"replies":[{"embeddable":true,"href":"https:\/\/va.akademijazs.edu.rs\/index.php\/wp-json\/wp\/v2\/comments?post=37855"}],"version-history":[{"count":5,"href":"https:\/\/va.akademijazs.edu.rs\/index.php\/wp-json\/wp\/v2\/pages\/37855\/revisions"}],"predecessor-version":[{"id":37868,"href":"https:\/\/va.akademijazs.edu.rs\/index.php\/wp-json\/wp\/v2\/pages\/37855\/revisions\/37868"}],"wp:attachment":[{"href":"https:\/\/va.akademijazs.edu.rs\/index.php\/wp-json\/wp\/v2\/media?parent=37855"}],"curies":[{"name":"wp","href":"https:\/\/api.w.org\/{rel}","templated":true}]}}